te the highest common factor of 10346120 and 4615.
355
Calculate the greatest common divisor of 255355 and 9575.
5
What is the greatest common divisor of 127686 and 13602?
6
Calculate the greatest common factor of 2640 and 29690628.
132
What is the greatest common factor of 314 and 283105854?
314
Calculate the greatest common divisor of 185077026 and 466.
466
Calculate the highest common divisor of 102835 and 771812.
157
What is the greatest common divisor of 127119355 and 5094?
283
What is the highest common factor of 287144 and 877747?
3263
What is the highest common factor of 2937 and 13761?
33
Calculate the greatest common factor of 88469874 and 54.
54
What is the greatest common divisor of 621280 and 110?
110
What is the highest common factor of 11886975 and 975?
75
What is the highest common divisor of 324503688 and 12?
12
What is the highest common factor of 47082 and 204288?
798
Calculate the highest common factor of 107692 and 439660.
988
What is the highest common factor of 6183403 and 185?
37
What is the greatest common factor of 220610 and 6162?
26
Calculate the highest common factor of 620080 and 163024.
368
Calculate the highest common factor of 32625 and 398721.
87
Calculate the highest common factor of 123525 and 1713150.
2025
What is the highest common divisor of 46705755 and 690?
345
Calculate the highest common factor of 1176 and 1950200.
392
What is the highest common factor of 1780 and 559160?
20
What is the greatest common divisor of 55767 and 50199?
87
Calculate the greatest common divisor of 255058149 and 4206.
2103
Calculate the greatest common divisor of 105747984 and 432.
432
Calculate the highest common factor of 3140 and 297876885.
785
Calculate the highest common factor of 16200070 and 710.
710
Calculate the greatest common divisor of 74627044 and 868.
124
Calculate the greatest common factor of 180237 and 102711.
219
What is the highest common divisor of 251223 and 142884?
147
Calculate the greatest common divisor of 14652129 and 6519.
123
What is the highest common factor of 495457053 and 9177?
9177
Calculate the greatest common divisor of 890 and 8423610.
10
Calculate the highest common divisor of 48491500 and 40.
20
Calculate the highest common divisor of 3150 and 1112550.
150
What is the highest common factor of 72151 and 6739?
23
Calculate the highest common factor of 8470979 and 209.
209
Calculate the highest common divisor of 2532760 and 333960.
920
What is the highest common divisor of 1305 and 276120?
45
Calculate the greatest common factor of 22533 and 23287.
29
Calculate the highest common factor of 30476 and 5724676.
1604
Calculate the highest common divisor of 22225567 and 21164.
481
What is the greatest common factor of 9054 and 3058743?
1509
Calculate the highest common divisor of 71925770 and 2650.
530
Calculate the greatest common divisor of 315444 and 27936.
1164
Calculate the greatest common divisor of 9564090 and 13800.
690
What is the greatest common divisor of 37454 and 862670?
614
What is the greatest common divisor of 117880272 and 32?
16
What is the highest common factor of 639846736 and 304?
304
Calculate the highest common divisor of 24569 and 665259.
79
Calculate the greatest common factor of 746235 and 1205085.
2415
What is the greatest common factor of 261 and 345240099?
261
Calculate the highest common factor of 2345 and 1147174.
469
What is the highest common factor of 4800705 and 184275?
1365
What is the highest common divisor of 1458 and 233964?
18
What is the highest common factor of 14219085 and 130?
5
Calculate the highest common divisor of 6813 and 24202804.
757
What is the highest common divisor of 979790757 and 3894?
1947
Calculate the highest common divisor of 1 and 49017733.
1
Calculate the greatest common factor of 35499 and 3039.
3
What is the highest common factor of 8636415 and 8688?
543
Calculate the greatest common factor of 334 and 384552737.
167
Calculate the greatest common divisor of 3752 and 648872.
56
What is the greatest common factor of 59618 and 457834?
26
What is the greatest common divisor of 22860 and 346455?
45
What is the greatest common divisor of 25259155 and 192470?
5065
What is the greatest common divisor of 217939905 and 15?
15
Calculate the greatest common divisor of 11325 and 232665.
15
Calculate the highest common divisor of 17929067 and 2821.
403
What is the highest common divisor of 255 and 3761131?
17
Calculate the highest common factor of 371218160 and 368.
368
What is the greatest common divisor of 28626328 and 16?
8
Calculate the greatest common factor of 187726 and 3957457.
371
What is the greatest common divisor of 3404 and 126893461?
851
What is the greatest common divisor of 18 and 6790626?
18
Calculate the highest common divisor of 595697 and 250517.
523
Calculate the highest common divisor of 7618 and 1338714.
26
What is the highest common divisor of 7854 and 25147318?
238
Calculate the greatest common factor of 277 and 251737.
1
What is the greatest common factor of 5467809 and 94713?
393
Calculate the greatest common divisor of 5362522 and 11.
11
Calculate the greatest common factor of 1459637 and 4199.
323
Calculate the highest common factor of 1964333 and 2618.
119
Calculate the greatest common factor of 34 and 40614394.
34
What is the greatest common factor of 9638093 and 10434?
37
Calculate the highest common divisor of 1632932 and 12068.
28
Calculate the greatest common divisor of 266 and 4662923.
19
Calculate the greatest common factor of 1045 and 7976295.
95
Calculate the highest common factor of 266630 and 5005.
455
What is the highest common factor of 16073109 and 200889?
1989
Calculate the highest common divisor of 3125 and 5905125.
125
Calculate the highest common divisor of 10030455 and 23427.
1233
Calculate the highest common divisor of 208 and 108737096.
104
Calculate the highest common factor of 3487 and 146137.
317
What is the highest common factor of 380 and 3651990?
190
Calculate the highest common divisor of 2775186 and 195570.
954
What is the highest common factor of 1759 and 1758?
1
What is the greatest common divisor of 260174188 and 4012?
4012
What is the highest common factor of 18285811 and 177?
59
Calculate the greatest common factor of 736074 and 22188.
258
Calculate the greatest common divisor of 13240 and 6085520.
40
What is the highest common divisor of 2321567 and 11510?
1151
What is the greatest common factor of 1841607 and 486?
9
What is the greatest common divisor of 281680 and 130081?
7
Calculate the greatest common divisor of 12471333 and 1161.
129
Calculate the greatest common divisor of 1228156 and 4487.
641
Calculate the greatest common divisor of 441615042 and 297.
99
Calculate the greatest common factor of 12042 and 2469204.
54
What is the highest common divisor of 2464 and 3663?
11
What is the highest common divisor of 9890 and 5797610?
230
Calculate the highest common factor of 1085325 and 10150.
725
What is the highest common factor of 3192 and 837900?
1596
What is the greatest common factor of 885437 and 63?
7
What is the highest common divisor of 3224510 and 1740?
290
Calculate the greatest common divisor of 44 and 14225838.
22
Calculate the greatest common divisor of 29242593 and 27.
27
What is the greatest common factor of 9957 and 1578?
3
What is the greatest common divisor of 46227 and 6384?
57
What is the highest common factor of 3158 and 26458?
2
Calculate the greatest common factor of 1287 and 271216530.
117
What is the highest common divisor of 119319 and 80755?
31
Calculate the highest common factor of 3951234 and 22518.
54
Calculate the greatest common divisor of 1960855 and 4520685.
6305
Calculate the highest common factor of 4830 and 14415618.
966
Calculate the greatest common divisor of 1012759 and 69.
23
Calculate the greatest common factor of 50600424 and 17410.
3482
What is the highest common divisor of 18033780 and 100?
20
Calculate the highest common divisor of 74564 and 19432.
28
Calculate the highest common factor of 421338555 and 3231.
3231
What is the greatest common divisor of 24241588 and 644?
28
What is the greatest common factor of 6880 and 50360?
40
Calculate the highest common divisor of 284886 and 35721.
441
Calculate the greatest common divisor of 100